/(-250))?
1
Let i = 184 + -179. What is the units digit of 211491/405 - 1/(i + 0)?
2
Suppose -751*v - 49363 = -765*v - 13579. What is the tens digit of v?
5
Let p(x) = x**3 - 14*x**2 + 49*x - 21. Let o be p(9). Let m(i) = i**3 - 13*i**2 + 16*i - 9. What is the hundreds digit of m(o)?
6
Let h be (6 + (-3 - -1))*2 - 3. Suppose -294 - 3031 = -h*c. What is the hundreds digit of c?
6
Let q(y) = y + 72. Let x(m) = m**3 - 2*m**2 - 2*m - 3. Let d = 12 + -9. Let b be x(d). What is the tens digit of q(b)?
7
Let m(k) = 124*k**2 + 69*k + 59. What is the tens digit of m(6)?
3
Suppose 0 = -d - a + 3677, -4*d - 2327 = 2*a - 17033. What is the units digit of d?
6
Suppose -12*c + 30 = -27*c. What is the units digit of (4*569/4)/1 + c?
7
Suppose -7*q = 2*u - 5*q - 13628, -q - 2 = 0. What is the tens digit of u?
1
Let w(n) = 78*n - 32. Let t be w(-6). What is the tens digit of (192/(-120))/(2/t)?
0
Let f = 47 - 17. Let z be (-9)/((-27)/f) + 3. Suppose 10*w - z*w + 375 = 0. What is the tens digit of w?
2
Let y(n) = 5*n + 25. Let c be y(-4). Suppose 72 = -c*z - 353. Let a = 286 + z. What is the units digit of a?
1
Suppose -18204 = -5*x + 4*p, 4*p - 5 - 11 = 0. Suppose 122*y - 126*y = -x. What is the units digit of y?
1
Let k(z) = 14*z. Suppose 315 = -83*o + 88*o. Let t be ((-3)/o + 4/(-14))*-3. What is the tens digit of k(t)?
1
Let y(g) = -17*g + 6 - 240*g**2 - 15*g + 38*g. Let u be y(-1). Let k = u - -387. What is the units digit of k?
7
Let b = 517 + -423. Suppose 0 = -4*s - 2*w + b, -5*s + 20 = -4*s - 3*w. What is the tens digit of s?
2
Let i = 47 + -44. What is the hundreds digit of ((-1)/i + 1)/(4/1434)?
2
Suppose 0 = -2710*x + 2720*x - 8260. What is the hundreds digit of x?
8
Let j(m) = m**3 - 6*m**2 + 8*m - 12. Let u be j(5). Let f be (-1)/u + -1 + (-700)/(-12). Suppose 0 = -3*i + 78 + f. What is the tens digit of i?
4
Let s = 14649 + 30458. What is the thousands digit of s?
5
What is the tens digit of (-20 - (-274659)/116) + ((-2)/(-8) - -1)?
4
Let x be ((-84)/15*(-10)/4)/1. Suppose 10 = -q - 1. Let a = x + q. What is the units digit of a?
3
Suppose 0 = 32*z - 27*z + 2520. Let b = z - -883. What is the hundreds digit of b?
3
Let o = -131 + 112. Let w(f) = 15*f - 5. Let v be w(o). Let q = 485 + v. What is the hundreds digit of q?
1
Let m be 7/(-5) + (-32)/(-80). Let h be m/5 - (-399)/(-5). Let v = 162 + h. What is the tens digit of v?
8
Suppose -z + 415 = 3*u, u = -3*z + 8*z + 165. Let n = u + 38. What is the units digit of n?
8
Let k = 1 + -4. Let n(i) = -63*i - 4. Let p be n(k). Suppose -2*w - 3*w + p = 0. What is the units digit of w?
7
Let n(j) = 96*j**3 + 12*j**2 - 99*j + 485. What is the thousands digit of n(5)?
2
Suppose -2*a + 24 = -2*p, -5*a - 2*p + 30 = -2. Suppose 3*k - a*k + 50 = 0. Suppose w + 10 = y - k, 0 = -2*w + 2. What is the units digit of y?
1
What is the tens digit of 9/(-1)*(-100 - 249)?
4
Let c(a) = 968*a**2 - 16*a - 50. What is the thousands digit of c(-4)?
5
Let k(f) = -7293*f - 896. What is the tens digit of k(-2)?
9
Suppose 372*r + 17982 = 387*r - 75573. What is the tens digit of r?
3
Suppose 61*c - 2127 = 69. What is the units digit of (24 + (-15)/(-3))*c?
4
Let r = -2148 + 4608. What is the tens digit of r?
6
Let t = -187 + 990. Suppose 0 = 3*r - 1846 - t. What is the tens digit of r?
8
What is the tens digit of ((-314370)/252)/(1/(-8))?
8
Suppose 0*n + 5*n = -3*s + 26696, 4*n - 5*s - 21379 = 0. What is the tens digit of n?
4
Let s = -155 + 159. What is the units digit of (-8)/40 + 612/10 + s?
5
Let h(q) = -22*q + 193. Let d(t) = 5*t - 52. Let y be d(12). What is the units digit of h(y)?
7
Let w = 30 + -33. Let d be (w/2)/1*-1*2. Suppose -d*x = x - 140. What is the tens digit of x?
3
Suppose 447 = -3*s + 489. Suppose 2*b = -s*b + 5568. What is the units digit of b?
8
Suppose -78*z = -132*z - 81*z + 374220. What is the thousands digit of z?
2
Suppose o + f = 6, 28 = o + 4*o + 3*f. Suppose -o*g = -21 - 789. What is the units digit of g?
2
Suppose -418*r = -448*r + 1078500. What is the hundreds digit of r?
9
Let c(k) = k + 25. Let z be c(-18). Let u = z + -9. Let h(o) = 11*o**2 + 3*o + 1. What is the tens digit of h(u)?
3
Suppose 4*j + 2*t - 25798 = 0, 7549 + 18255 = 4*j - 4*t. Suppose 4*s = 2*h + 5166, 3*s - 8*s = -5*h - j. What is the tens digit of s?
9
Let y be (-15)/(-6)*(-12808)/(-10). Suppose -5*c = 3*p - y, -3639 = -4*p - 3*c + 645. What is the thousands digit of p?
1
Suppose 0 = t - 45 + 41. Suppose -5*l + 0*j + 37 = 2*j, -t*l = 3*j - 31. Suppose l - 11 = -4*c. What is the units digit of c?
1
Suppose -272 = -3*n + g + 425, 0 = -2*n + 5*g + 456. Suppose 235*m - 1204 = n*m. What is the tens digit of m?
0
Suppose 12*h + 6 = 6*h. Let z be (8/3 + h)*-87. Let f = 241 + z. What is the units digit of f?
6
Let n(x) = -2*x**3 - 5*x**2 + 203*x - 326. What is the units digit of n(-33)?
4
Let r = 2306 - -865. Let k = -1543 + r. What is the hundreds digit of k?
6
Suppose -9*u - 164 = -38. Let f(o) = 3*o**2 + 7*o - 21. What is the units digit of f(u)?
9
Let k = 20 - -31. Suppose k + 54 = 5*y. Suppose -2*r = -5*l + 223, y + 77 = 2*l - 3*r. What is the units digit of l?
3
Let c(s) = 95*s**2 + 132*s - 18. What is the hundreds digit of c(-8)?
0
Let q = -25 - -38. Suppose -l + q = 2*u, 5*l - 29 = u + u. Let w = l - 0. What is the units digit of w?
7
Let k(t) = 4*t**2 - 14*t + 64. Let z be ((-13)/(-5))/(2/10). What is the units digit of k(z)?
8
Let h(z) = -2*z**2 + 13*z - 8. Let s be h(6). Let v be s + 0 + 1 + 461. Suppose -8*k = -13*k + v. What is the tens digit of k?
9
Let x(p) = -p**3 - 157*p**2 - 115*p + 1140. What is the thousands digit of x(-160)?
6
Let s = 85 + -87. Let y(j) = -117*j + 6. What is the units digit of y(s)?
0
Suppose 0 = 5*u + 4892 - 1012. Let f = 1225 + u. Let o = f - 243. What is the units digit of o?
6
Let r(j) = 3*j**3 - 40*j**2 + 34*j - 43. What is the tens digit of r(16)?
4
Suppose -2*g + 1572 = -4*d, -12*g + 17*g - 3982 = -3*d. What is the tens digit of g?
9
Suppose -19*t - 4*b = -16*t - 7624, -5*t - 3*b = -12681. What is the units digit of t?
2
Let c = -648 + 1132. Suppose -i = 1, 3*j - 4*i - 288 = c. What is the tens digit of j?
5
Suppose -2*l - 2*q = -17204, 2*q = 3*l - 9867 - 15969. What is the hundreds digit of l?
6
Let j = -36196 + 105658. What is the thousands digit of j?
9
Suppose -12 = -4*p, 0*z - 107 = 2*z + 5*p. Let l = -56 - z. Suppose -4*q = -5*v - 167, l*q = 3*q - v + 101. What is the tens digit of q?
4
What is the tens digit of (-625560)/16*((-253)/132 - 5/(-4))?
6
Suppose -4*q = -0*q. Suppose -4*l - 83 + 443 = q. What is the units digit of (17 + l)/((0 + -1)/(-1))?
7
Let x = 17697 + -5019. What is the tens digit of x?
7
Suppose -50474 + 96977 = 29*s - 53663. What is the hundreds digit of s?
4
What is the units digit of ((-29)/(493/32963))/((-1)/1)?
9
Let o = 1184 - 586. Let d = o - -793. What is the tens digit of d?
9
Suppose -8081 = -a + 2*q, -q = -3*a - 6*q + 24276. What is the units digit of a?
7
Suppose -2*o = 2*l - 170832, 11164 = 5*o - 3*l - 415892. What is the ten thousands digit of o?
8
Suppose -270151 - 6549349 = 26*v - 151*v. What is the ten thousands digit of v?
5
Let n(z) = 1407*z**3 - 2*z**2 + 1. Suppose -26*g = 12*g - 38. What is the units digit of n(g)?
6
Let k(h) = 264*h**2 - 188*h - 8. What is the units digit of k(-7)?
4
Let s(q) = -577*q - 1130. What is the ten thousands digit of s(-36)?
1
Suppose -284 = -10*m - 24. Suppose m*k = 8884 + 8068. What is the units digit of k?
2
Suppose 4*x - 3*c = -2*c - 350, -3*c + 93 = -x. Suppose -4*o = 14*o - 3708. Let q = o + x. What is the tens digit of q?
1
Suppose 5*u = 2*u - 39. Let c(j) = -10*j - 12. Let k be c(u). Let w = k - 88. What is the tens digit of w?
3
Let p(z) = 2*z**2 - 6*z - 3. Let v be 9/(-4)*(-20)/15. Let m be p(v). What is the units digit of (-1372)/21*m/2 - 2?
6
Let n be ((-9)/(-15))/(1/105*3). Let a = n - -45. What is the tens digit of -3 - (-2)/3*a?
4
Suppose 11*u + 243 = 20*u. Suppose f + 3026 = 3*j, -5*j - u*f = -24*f - 5034. What is the hundreds digit of j?
0
Suppose -29*w = -33*w + 344. Suppose 5*o - w - 74 = 0. What is the units digit of o?
2
Let o(c) = c**3 - 3*c**2 - c + 8. Let s be o(3). Let v be (s/((-30)/(-12)))/((-2)/(-3)). Let b(j) = 8*j**3 - j**2 - j + 8. What is the tens digit of b(v)?
1
Suppose 4*n = 5*x - 